71661?
13, 220897
List the prime factors of 13520204.
2, 59, 971
List the prime factors of 158214.
2, 3, 7, 3767
What are the prime factors of 18449?
19, 971
List the prime factors of 638294.
2, 319147
List the prime factors of 2928788.
2, 732197
What are the prime factors of 559545?
3, 5, 7, 73
List the prime factors of 893477.
13, 68729
What are the prime factors of 852016?
2, 11, 47, 103
List the prime factors of 329094.
2, 3, 47, 389
What are the prime factors of 13821993?
3, 1535777
What are the prime factors of 1238044?
2, 23, 13457
What are the prime factors of 12629815?
5, 11, 277, 829
What are the prime factors of 1462552?
2, 7, 13, 41
List the prime factors of 2080236.
2, 3, 229, 757
List the prime factors of 251114.
2, 23, 53, 103
List the prime factors of 1039212.
2, 3, 28867
List the prime factors of 11135469.
3, 1109, 3347
What are the prime factors of 279329?
279329
What are the prime factors of 1773725?
5, 70949
List the prime factors of 1830417.
3, 503, 1213
List the prime factors of 488517.
3, 162839
What are the prime factors of 329960?
2, 5, 73, 113
List the prime factors of 620091.
3, 68899
What are the prime factors of 5019798?
2, 3, 7, 107, 1117
List the prime factors of 16309956.
2, 3, 13, 104551
What are the prime factors of 18443073?
3, 11, 558881
List the prime factors of 2689.
2689
List the prime factors of 9850.
2, 5, 197
List the prime factors of 6406283.
13, 37907
What are the prime factors of 6873334?
2, 13, 264359
What are the prime factors of 10392021?
3, 23, 61, 823
List the prime factors of 359380.
2, 5, 7, 17, 151
What are the prime factors of 18746155?
5, 17, 220543
List the prime factors of 484091.
484091
List the prime factors of 736144.
2, 139, 331
List the prime factors of 666198.
2, 3, 13, 73
What are the prime factors of 12321?
3, 37
List the prime factors of 1195880.
2, 5, 7, 4271
What are the prime factors of 162981?
3, 7, 13, 199
What are the prime factors of 5088110?
2, 5, 508811
What are the prime factors of 576284?
2, 144071
List the prime factors of 102315.
3, 5, 19, 359
What are the prime factors of 2677350?
2, 3, 5, 13, 1373
List the prime factors of 388136.
2, 7, 29, 239
What are the prime factors of 910941?
3, 303647
What are the prime factors of 5242189?
89, 58901
What are the prime factors of 658303?
658303
What are the prime factors of 1291242?
2, 3, 307, 701
List the prime factors of 3431834.
2, 7, 245131
List the prime factors of 1474389.
3, 7, 29, 269
What are the prime factors of 596465?
5, 119293
List the prime factors of 376191.
3, 13933
List the prime factors of 4147368.
2, 3, 172807
What are the prime factors of 282042?
2, 3, 1741
What are the prime factors of 2540753?
37, 68669
What are the prime factors of 2343900?
2, 3, 5, 13, 601
What are the prime factors of 34656327?
3, 3850703
What are the prime factors of 140298?
2, 3, 67, 349
What are the prime factors of 472378?
2, 19, 31, 401
List the prime factors of 15242952.
2, 3, 757, 839
List the prime factors of 124577.
124577
List the prime factors of 14359038.
2, 3, 23, 67, 1553
List the prime factors of 8870827.
7, 47, 59, 457
List the prime factors of 1197401.
599, 1999
What are the prime factors of 215938?
2, 101, 1069
What are the prime factors of 296007?
3, 98669
What are the prime factors of 160167?
3, 7, 29, 263
What are the prime factors of 71069?
71069
List the prime factors of 715442.
2, 7, 13, 3931
What are the prime factors of 128044?
2, 7, 17, 269
What are the prime factors of 8410322?
2, 37, 89, 1277
List the prime factors of 160734.
2, 3, 7, 43, 89
What are the prime factors of 471289?
7, 13, 5179
List the prime factors of 99778.
2, 7, 7127
List the prime factors of 378447.
3, 101, 1249
List the prime factors of 352442.
2, 176221
List the prime factors of 377499.
3, 23, 5471
List the prime factors of 501551.
17, 163, 181
List the prime factors of 1936413.
3, 71719
List the prime factors of 7326933.
3, 2442311
What are the prime factors of 353068?
2, 61, 1447
What are the prime factors of 1661726?
2, 11, 75533
What are the prime factors of 208875?
3, 5, 557
List the prime factors of 826334.
2, 413167
List the prime factors of 8436605.
5, 61, 139, 199
List the prime factors of 6270188.
2, 431, 3637
List the prime factors of 2410424.
2, 301303
What are the prime factors of 10949015?
5, 7, 11, 28439
List the prime factors of 2342771.
2342771
List the prime factors of 105982.
2, 19, 2789
List the prime factors of 572827.
572827
What are the prime factors of 2550970?
2, 5, 255097
List the prime factors of 3642991.
11, 67, 4943
List the prime factors of 136061.
359, 379
List the prime factors of 3561117.
3, 7, 67, 2531
List the prime factors of 691991.
691991
What are the prime factors of 8878868?
2, 1433, 1549
What are the prime factors of 1042490?
2, 5, 61, 1709
List the prime factors of 1628212.
2, 61, 6673
What are the prime factors of 87992?
2, 17, 647
What are the prime factors of 20212190?
2, 5, 2021219
List the prime factors of 1331986.
2, 665993
What are the prime factors of 1871775?
3, 5, 47, 59
What are the prime factors of 5066953?
179, 28307
What are the prime factors of 3297637?
7, 471091
List the prime factors of 912017.
199, 4583
List the prime factors of 2664085.
5, 19, 29, 967
List the prime factors of 523512.
2, 3, 11, 661
List the prime factors of 1004128.
2, 31379
What are the prime factors of 8929749?
3, 2976583
List the prime factors of 1348956.
2, 3, 7, 53, 101
List the prime factors of 958730.
2, 5, 95873
What are the prime factors of 10689099?
3, 3563033
List the prime factors of 1066360.
2, 5, 53, 503
List the prime factors of 5109788.
2, 563, 2269
List the prime factors of 286516.
2, 83, 863
List the prime factors of 6299121.
3, 2099707
What are the prime factors of 5183531?
5183531
What are the prime factors of 4671262?
2, 29, 43, 1873
What are the prime factors of 72634?
2, 23, 1579
List the prime factors of 1516466.
2, 7, 19, 5701
What are the prime factors of 705744?
2, 3, 13, 29
List the prime factors of 3538725.
3, 5, 29, 1627
List the prime factors of 1552909.
1552909
What are the prime factors of 6839006?
2, 37, 92419
What are the prime factors of 31664?
2, 1979
What are the prime factors of 3656614?
2, 13, 140639
What are the prime factors of 1126559?
7, 83, 277
List the prime factors of 434941.
13, 33457
List the prime factors of 2539208.
2, 7, 45343
What are the prime factors of 9139801?
11, 830891
List the prime factors of 5325920.
2, 5, 33287
What are the prime factors of 1507177?
7, 139, 1549
List the prime factors of 197309.
7, 71, 397
What are the prime factors of 67605?
3, 5, 4507
List the prime factors of 86965.
5, 17393
What are the prime factors of 14696645?
5, 71, 41399
What are the prime factors of 3579892?
2, 894973
What are the prime factors of 1175248?
2, 73453
What are the prime factors of 5211883?
59, 88337
What are the prime factors of 101636?
2, 25409
List the prime factors of 3990719.
29, 241, 571
List the prime factors of 914824.
2, 173, 661
List the prime factors of 3526406.
2, 13, 23, 5897
What are the prime factors of 5307461?
5307461
List the prime factors of 1875330.
2, 3, 5, 67, 311
List the prime factors of 177137.
19, 9323
List the prime factors of 78534.
2, 3, 4363
List the prime factors of 12285063.
3, 7, 109, 1789
What are the prime factors of 313748?
2, 78437
List the prime factors of 4065502.
2, 7, 290393
What are the prime factors of 229233?
3, 43, 1777
What are the prime factors of 106900?
2, 5, 1069
List the prime factors of 1927580.
2, 5, 31, 3109
What are the prime factors of 251106?
2, 3, 41851
List the prime factors of 324039.
3, 108013
List the prime factors of 9940566.
2, 3, 1656761
List the prime factors of 206314.
2, 43, 2399
List the prime factors of 6194715.
3, 5, 17, 1429
What are the prime factors of 576428?
2, 53, 2719
List the prime factors of 24275872.
2, 131, 5791
What are the prime factors of 13758985?
5, 41, 1637
List the prime factors of 579929.
7, 82847
What are the prime factors of 246103?
11, 13, 1721
List the prime factors of 223316.
2, 55829
List the prime factors of 4787030.
2, 5, 17, 29, 971
List the prime factors of 874200.
2, 3, 5, 31, 47
List the prime factors of 8096648.
2, 7, 144583
What are the prime factors 